ulate the greatest common divisor of 20 and 14580.
20
What is the highest common divisor of 323 and 19?
19
What is the highest common divisor of 48 and 552?
24
What is the highest common factor of 1715 and 140?
35
Calculate the greatest common divisor of 5031 and 273.
39
Calculate the highest common factor of 363 and 99.
33
Calculate the greatest common factor of 11 and 44.
11
What is the highest common divisor of 4668 and 36?
12
What is the highest common divisor of 129 and 688?
43
Calculate the greatest common factor of 2330 and 20.
10
What is the greatest common divisor of 2460 and 660?
60
What is the greatest common divisor of 506 and 2070?
46
What is the greatest common divisor of 24 and 96?
24
Calculate the greatest common factor of 1813 and 343.
49
Calculate the greatest common factor of 12571 and 39.
13
What is the highest common factor of 16 and 272?
16
What is the greatest common factor of 12 and 6687?
3
Calculate the highest common factor of 21 and 1527.
3
What is the highest common factor of 3753 and 27?
27
Calculate the highest common divisor of 29772 and 36.
36
What is the highest common factor of 142 and 1207?
71
What is the highest common factor of 5 and 9565?
5
Calculate the greatest common divisor of 51 and 884.
17
Calculate the greatest common factor of 1881 and 57.
57
What is the greatest common factor of 19629 and 27?
27
Calculate the greatest common factor of 279 and 18693.
279
What is the highest common factor of 270 and 216?
54
Calculate the highest common divisor of 45 and 165.
15
Calculate the greatest common factor of 212 and 1325.
53
Calculate the highest common factor of 192 and 8384.
64
What is the highest common factor of 1050 and 168?
42
What is the greatest common divisor of 1380 and 60?
60
What is the greatest common factor of 96 and 4536?
24
Calculate the greatest common factor of 2142 and 12.
6
Calculate the highest common factor of 2010 and 30.
30
Calculate the highest common factor of 158 and 553.
79
Calculate the greatest common divisor of 1504 and 576.
32
What is the greatest common divisor of 58856 and 56?
56
What is the greatest common factor of 3 and 375?
3
Calculate the highest common factor of 20 and 14990.
10
Calculate the highest common factor of 24 and 564.
12
Calculate the greatest common factor of 374 and 68.
34
Calculate the highest common factor of 14 and 9142.
14
Calculate the greatest common factor of 6307 and 136.
17
Calculate the greatest common factor of 270 and 1665.
45
What is the highest common divisor of 3528 and 12?
12
What is the greatest common divisor of 1224 and 76?
4
Calculate the highest common factor of 23 and 1817.
23
Calculate the greatest common factor of 115 and 483.
23
Calculate the highest common divisor of 2082 and 6.
6
Calculate the greatest common factor of 1955 and 85.
85
Calculate the greatest common divisor of 40 and 320.
40
Calculate the greatest common factor of 312 and 3432.
312
What is the highest common divisor of 47080 and 176?
88
Calculate the greatest common divisor of 19 and 5.
1
What is the greatest common factor of 34 and 4?
2
What is the highest common divisor of 63 and 17388?
63
Calculate the greatest common divisor of 24 and 78.
6
Calculate the highest common factor of 1421 and 29.
29
Calculate the greatest common factor of 13 and 5.
1
Calculate the greatest common factor of 105 and 165.
15
Calculate the highest common divisor of 704 and 22.
22
Calculate the greatest common divisor of 24625 and 197.
197
What is the highest common factor of 5 and 360?
5
Calculate the highest common factor of 5994 and 555.
111
Calculate the highest common factor of 24 and 3084.
12
What is the highest common factor of 40 and 790?
10
What is the greatest common factor of 77 and 539?
77
What is the greatest common factor of 13 and 8190?
13
What is the highest common factor of 14 and 92?
2
What is the greatest common factor of 45 and 75?
15
What is the greatest common factor of 115 and 69?
23
Calculate the greatest common factor of 429 and 2211.
33
What is the greatest common divisor of 54 and 288?
18
What is the highest common divisor of 4503 and 1185?
237
Calculate the greatest common divisor of 18 and 6504.
6
Calculate the greatest common divisor of 180 and 72.
36
Calculate the greatest common factor of 64 and 1024.
64
What is the greatest common divisor of 426 and 5680?
142
What is the greatest common divisor of 5808 and 231?
33
What is the highest common factor of 357 and 84?
21
What is the greatest common divisor of 85 and 10?
5
Calculate the greatest common divisor of 42 and 231.
21
What is the greatest common factor of 90 and 310?
10
What is the greatest common divisor of 220 and 286?
22
Calculate the greatest common factor of 208 and 26.
26
What is the highest common divisor of 57 and 760?
19
Calculate the highest common factor of 767 and 236.
59
What is the greatest common divisor of 408 and 51?
51
What is the greatest common divisor of 3977 and 41?
41
What is the greatest common factor of 780 and 15?
15
Calculate the greatest common divisor of 24 and 102.
6
What is the highest common factor of 3804 and 36?
12
Calculate the greatest common factor of 113 and 1.
1
Calculate the greatest common factor of 1173 and 51.
51
What is the greatest common factor of 1664 and 13?
13
What is the greatest common factor of 24 and 948?
12
What is the greatest common factor of 738 and 16728?
246
What is the greatest common divisor of 5 and 453?
1
What is the greatest common factor of 553 and 14?
7
What is the greatest common divisor of 150 and 690?
30
Calculate the highest common divisor of 2695 and 4165.
245
Calculate the highest common divisor of 18825 and 150.
75
What is the greatest common factor of 36 and 144?
36
Calculate the greatest common factor of 390 and 570.
30
What is the greatest common factor of 105 and 140?
35
Calculate the highest common divisor of 1036 and 14.
14
Calculate the greatest common factor of 12 and 516.
12
Calculate the greatest common factor of 32 and 17312.
32
Calculate the highest common factor of 55 and 1125.
5
What is the highest common divisor of 517 and 1974?
47
Calculate the highest common divisor of 68 and 884.
68
What is the greatest common divisor of 16 and 136?
8
What is the highest common factor of 180 and 240?
60
What is the greatest common factor of 3973 and 87?
29
Calculate the highest common divisor of 8 and 19384.
8
Calculate the greatest common divisor of 350 and 56.
14
What is the highest common divisor of 42 and 140?
14
What is the highest common divisor of 3 and 1257?
3
Calculate the greatest common factor of 1970 and 160.
10
Calculate the greatest common divisor of 494 and 209.
19
What is the highest common factor of 682 and 1078?
22
What is the highest common divisor of 148 and 20?
4
What is the greatest common divisor of 27 and 783?
27
Calculate the highest common divisor of 1188 and 17028.
396
Calculate the highest common factor of 1127 and 483.
161
What is the greatest common factor of 90 and 1005?
15
Calculate the highest common factor of 225 and 9975.
75
Calculate the greatest common divisor of 960 and 60.
60
Calculate the highest common divisor of 60256 and 32.
32
Calculate the highest common factor of 327 and 3.
3
What is the highest common divisor of 13 and 91?
13
What is the highest common divisor of 8 and 9?
1
Calculate the greatest common factor of 485 and 97.
97
What is the greatest common divisor of 184 and 8?
8
Calculate the greatest common factor of 27 and 4.
1
What is the greatest common factor of 928 and 256?
32
What is the greatest common divisor of 27 and 18?
9
Calculate the greatest common factor of 2764 and 4.
4
What is the highest common factor of 546 and 65?
13
What is the greatest common divisor of 142 and 213?
71
What is the highest common factor of 33 and 363?
33
Calculate the highest common divisor of 406 and 174.
58
Calculate the greatest common divisor of 265 and 424.
53
What is the highest common divisor of 30 and 2985?
15
What is the greatest common factor of 848 and 1802?
106
What is the greatest common factor of 28478 and 29?
29
What is the highest common factor of 304 and 1026?
38
What is the highest common divisor of 1 and 1?
1
What is the greatest common factor of 280 and 1910?
10
What is